{"version":"1.0","provider_name":"\u0160koli\u010dka Dome\u010dek","provider_url":"https:\/\/www.skolicka-domecek.cz\/bn","author_name":"skolicka-domecek","author_url":"https:\/\/www.skolicka-domecek.cz\/bn\/author\/skolicka-domecek\/","title":"P\u0159ed\u0161koln\u00ed vzd\u011bl\u00e1v\u00e1n\u00ed v Evrop\u011b - d\u011bti s odli\u0161n\u00fdm mate\u0159sk\u00fdm jazykem - \u0160koli\u010dka Dome\u010dek","type":"rich","width":600,"height":338,"html":"<blockquote class=\"wp-embedded-content\" data-secret=\"Wm8Chvg1E7\"><a href=\"https:\/\/www.skolicka-domecek.cz\/bn\/predskolni-vzdelavani-v-evrope\/\">P\u0159ed\u0161koln\u00ed vzd\u011bl\u00e1v\u00e1n\u00ed v Evrop\u011b &#8211; d\u011bti s odli\u0161n\u00fdm mate\u0159sk\u00fdm jazykem<\/a><\/blockquote><iframe sandbox=\"allow-scripts\" security=\"restricted\" src=\"https:\/\/www.skolicka-domecek.cz\/bn\/predskolni-vzdelavani-v-evrope\/embed\/#?secret=Wm8Chvg1E7\" width=\"600\" height=\"338\" title=\"&#8222;P\u0159ed\u0161koln\u00ed vzd\u011bl\u00e1v\u00e1n\u00ed v Evrop\u011b &#8211; d\u011bti s odli\u0161n\u00fdm mate\u0159sk\u00fdm jazykem&#8220; &#8212; \u0160koli\u010dka Dome\u010dek\" data-secret=\"Wm8Chvg1E7\" frameborder=\"0\" marginwidth=\"0\" marginheight=\"0\" scrolling=\"no\" class=\"wp-embedded-content\"><\/iframe><script>\n\/*! This file is auto-generated *\/\n!function(d,l){\"use strict\";l.querySelector&&d.addEventListener&&\"undefined\"!=typeof URL&&(d.wp=d.wp||{},d.wp.receiveEmbedMessage||(d.wp.receiveEmbedMessage=function(e){var t=e.data;if((t||t.secret||t.message||t.value)&&!\/[^a-zA-Z0-9]\/.test(t.secret)){for(var s,r,n,a=l.querySelectorAll('iframe[data-secret=\"'+t.secret+'\"]'),o=l.querySelectorAll('blockquote[data-secret=\"'+t.secret+'\"]'),c=new RegExp(\"^https?:$\",\"i\"),i=0;i<o.length;i++)o[i].style.display=\"none\";for(i=0;i<a.length;i++)s=a[i],e.source===s.contentWindow&&(s.removeAttribute(\"style\"),\"height\"===t.message?(1e3<(r=parseInt(t.value,10))?r=1e3:~~r<200&&(r=200),s.height=r):\"link\"===t.message&&(r=new URL(s.getAttribute(\"src\")),n=new URL(t.value),c.test(n.protocol))&&n.host===r.host&&l.activeElement===s&&(d.top.location.href=t.value))}},d.addEventListener(\"message\",d.wp.receiveEmbedMessage,!1),l.addEventListener(\"DOMContentLoaded\",function(){for(var e,t,s=l.querySelectorAll(\"iframe.wp-embedded-content\"),r=0;r<s.length;r++)(t=(e=s[r]).getAttribute(\"data-secret\"))||(t=Math.random().toString(36).substring(2,12),e.src+=\"#?secret=\"+t,e.setAttribute(\"data-secret\",t)),e.contentWindow.postMessage({message:\"ready\",secret:t},\"*\")},!1)))}(window,document);\n\/\/# sourceURL=https:\/\/www.skolicka-domecek.cz\/bn\/wp-includes\/js\/wp-embed.min.js\n<\/script>\n","thumbnail_url":"https:\/\/www.skolicka-domecek.cz\/bn\/wp-content\/uploads\/2023\/09\/Flag_of_Europe.svg.png","thumbnail_width":290,"thumbnail_height":193,"description":"\u00a0 Od 1. 11. 2020 jsme p\u0159\u00edjemcem projektu &#8211; M\u0160 Dome\u010dek 54, Za\u010dle\u0148ov\u00e1n\u00ed a podpora \u017e\u00e1k\u016f s odli\u0161n\u00fdm mate\u0159sk\u00fdmjazykem II CZ.07.4.68\/0.0\/0.0\/19_071\/0002019, kter\u00fd\u00a0je spolufinancov\u00e1n Evropskou uni\u00ed. Zv\u00fd\u0161en\u00ed kvality vzd\u011bl\u00e1v\u00e1n\u00ed prost\u0159ednictv\u00edm pos\u00edlen\u00ed inkluze v multikulturn\u00ed spole\u010dnosti EVROPSK\u00c1 UNIE.\u00a0Projekt je zam\u011b\u0159en na jedno z\/kombinaci n\u00e1sleduj\u00edc\u00edch t\u00e9mat: person\u00e1ln\u00ed podpora \u0161kol, p\u0159\u00edm\u00e1 podpora d\u011bt\u00ed s OMJ a jejich rodi\u010d\u016f \/ [&hellip;]"}

Školička Domeček

Předškolní vzdělávání v Evropě - děti s odlišným mateřským jazykem - Školička Domeček

<blockquote class="wp-embedded-content" data-secret="Wm8Chvg1E7"><a href="https://www.skolicka-domecek.cz/bn/predskolni-vzdelavani-v-evrope/">Předškolní vzdělávání v Evropě &#8211; děti s odlišným mateřským jazykem</a></blockquote><iframe sandbox="allow-scripts" security="restricted" src="https://www.skolicka-domecek.cz/bn/predskolni-vzdelavani-v-evrope/embed/#?secret=Wm8Chvg1E7" width="600" height="338" title="&#8222;Předškolní vzdělávání v Evropě &#8211; děti s odlišným mateřským jazykem&#8220; &#8212; Školička Domeček" data-secret="Wm8Chvg1E7" frameborder="0" marginwidth="0" marginheight="0" scrolling="no" class="wp-embedded-content"></iframe><script>
/*! This file is auto-generated */
!function(d,l){"use strict";l.querySelector&&d.addEventListener&&"undefined"!=typeof URL&&(d.wp=d.wp||{},d.wp.receiveEmbedMessage||(d.wp.receiveEmbedMessage=function(e){var t=e.data;if((t||t.secret||t.message||t.value)&&!/[^a-zA-Z0-9]/.test(t.secret)){for(var s,r,n,a=l.querySelectorAll('iframe[data-secret="'+t.secret+'"]'),o=l.querySelectorAll('blockquote[data-secret="'+t.secret+'"]'),c=new RegExp("^https?:$","i"),i=0;i<o.length;i++)o[i].style.display="none";for(i=0;i<a.length;i++)s=a[i],e.source===s.contentWindow&&(s.removeAttribute("style"),"height"===t.message?(1e3<(r=parseInt(t.value,10))?r=1e3:~~r<200&&(r=200),s.height=r):"link"===t.message&&(r=new URL(s.getAttribute("src")),n=new URL(t.value),c.test(n.protocol))&&n.host===r.host&&l.activeElement===s&&(d.top.location.href=t.value))}},d.addEventListener("message",d.wp.receiveEmbedMessage,!1),l.addEventListener("DOMContentLoaded",function(){for(var e,t,s=l.querySelectorAll("iframe.wp-embedded-content"),r=0;r<s.length;r++)(t=(e=s[r]).getAttribute("data-secret"))||(t=Math.random().toString(36).substring(2,12),e.src+="#?secret="+t,e.setAttribute("data-secret",t)),e.contentWindow.postMessage({message:"ready",secret:t},"*")},!1)))}(window,document);
//# sourceURL=https://www.skolicka-domecek.cz/bn/wp-includes/js/wp-embed.min.js
</script>

Od 1. 11. 2020 jsme příjemcem projektu &#8211; MŠ Domeček 54, Začleňování a podpora žáků s odlišným mateřskýmjazykem II CZ.07.4.68/0.0/0.0/19_071/0002019, který je spolufinancován Evropskou unií. Zvýšení kvality vzdělávání prostřednictvím posílení inkluze v multikulturní společnosti EVROPSKÁ UNIE. Projekt je zaměřen na jedno z/kombinaci následujících témat: personální podpora škol, přímá podpora dětí s OMJ a jejich rodičů / [&hellip;]
